 k(0). Suppose p*i - 33 = 71. Let x = -33 + i. Is x a multiple of 8?
False
Let m(b) = b**3 + 3*b**2 - 4*b. Let s be (12/(-15))/((-2)/(-10)). Let l be m(s). Suppose 5*r + l*r = 50. Does 6 divide r?
False
Suppose 0 = 2*f + 2*f - 60. Is 5 a factor of f?
True
Let x(h) = h**3 - 5*h**2 + 6*h - 4. Let f be x(4). Let l = 32 - f. Is l a multiple of 10?
False
Is ((1 + -121)/(-1))/(2 + -1) a multiple of 15?
True
Let r be 524/8 - (-3)/6. Let s = r + -24. Is 21 a factor of s?
True
Let m be -3*(21/(-9) + 2). Let z be 0 + 0/1 + 3. Let k = z - m. Is k even?
True
Suppose l + 4*d + 8 = 0, 6*d - 2*d = 12. Is 9 a factor of -3 + 10/2 - l?
False
Suppose -43 = -4*w - 7. Does 3 divide w?
True
Let m(u) = -u**3 + 7*u**2 - 7*u. Let v be m(5). Let k = -5 + v. Does 10 divide k?
True
Let v = 61 - 33. Is 7 a factor of v?
True
Suppose -c - c - 12 = 0. Let v(w) = w**3 + 8*w**2 + 8*w + 3. Is 6 a factor of v(c)?
False
Let q = 1 - -1. Suppose -136 = -0*z - q*z. Suppose -z = -f + 4*y, -f + 4*f - 119 = -5*y. Does 19 divide f?
False
Let g(y) = 3*y - 7. Let t be g(6). Suppose 4*n = -t + 103. Is n a multiple of 23?
True
Let l = -68 - -148. Is l a multiple of 40?
True
Let t = 66 - 50. Is 16 a factor of t?
True
Let u(r) be the second derivative of r**4/3 - r**3/3 + r**2/2 + 2*r. Is 8 a factor of u(2)?
False
Let l(b) = -b**3 - 8*b**2 - 3*b + 4. Suppose c - 4 + 12 = 0. Is 14 a factor of l(c)?
True
Is (4/(-5))/(-2*2/130) a multiple of 22?
False
Let a(m) = -4*m + 6. Let l be ((-3)/(-2))/((-3)/(-6)). Suppose 0 = -x - l - 2. Does 13 divide a(x)?
True
Let k(u) = -8*u - 9. Is 3 a factor of k(-3)?
True
Suppose -122 + 40 = -2*s. Is 11 a factor of s?
False
Let n be 6 + 0 + 0 + -3. Let u(m) = -77*m. Let d be u(-1). Suppose -5*k + 4 = 19, 4*x = n*k + d. Does 6 divide x?
False
Let c(g) = -g**3 - 6*g**2 - 6*g - 12. Let u(p) = -2*p**3 - 12*p**2 - 11*p - 23. Let a(y) = -5*c(y) + 3*u(y). Let w be a(-6). Is 12 + (-3)/(w/3) a multiple of 8?
False
Let q(y) = y**3 + 4*y**2 - 6*y - 3. Suppose -3*m + 4*m + 4 = 0. Is q(m) a multiple of 6?
False
Let s(f) = -1 + 4*f - 3*f + 0. Let a be s(5). Suppose -a*d = -d - 12. Is d a multiple of 4?
True
Let w(l) = -l**2 - 9*l - 7. Let q be w(-8). Suppose -3*k - q = -16. Is k/(5/(-2)) - -28 a multiple of 13?
True
Suppose -16 = -4*x + 24. Does 3 divide x?
False
Let n(x) = -x**3 - 6*x**2 - 5*x + 4. Let v be n(-5). Suppose g + v*g = 55. Suppose 0 = j + 5*o + 7, -4*o + 0*o = -j + g. Is j even?
False
Suppose 4*k - 119 = -4*c + c, -5*k - 138 = -4*c. Suppose 0 = -4*p + 59 + c. Does 10 divide p?
False
Does 19 divide ((-170)/(-15))/(2/36*4)?
False
Suppose -o + 4*u + 6 = -2*o, 0 = 2*o - u - 15. Let t(b) = 3*b**2 + 4*b - b**2 - 1 - o. Is 8 a factor of t(-5)?
False
Is 18 a factor of ((-2)/(-5))/(5/225)?
True
Suppose v - 3 + 6 = 0. Let z(g) = -12*g + 1. Does 14 divide z(v)?
False
Suppose 0 = i + 5*k - 16, -k - 18 = -i + 16. Is i a multiple of 12?
False
Let g = -6 + 10. Suppose 3*d = 2*l + 10, -g = 2*d + 4*l - 0. Let c(j) = 13*j + 2. Is 14 a factor of c(d)?
True
Suppose 39 = 2*b + 3. Is 8 a factor of b?
False
Does 12 divide (-136 + 1)*(-48)/60?
True
Suppose -4*x + 4*k + 55 = 5*k, 0 = 5*k + 5. Does 11 divide x?
False
Let f = -447 + 41. Let x be f/(-12) - (-1)/6. Let y = -12 + x. Is y a multiple of 11?
True
Suppose 5*b + 78 = 4*x, 2*b - 3*x + 34 = -0*b. Let m = b - -21. Does 3 divide m?
False
Let p(n) = -n**3 + 4*n**2 + 6*n - 7. Let s be p(5). Let f(j) = -j**2 + 6*j + 3. Let z be f(6). Is (6/z)/(s/(-7)) a multiple of 7?
True
Let q be 9 + (0 - (2 - 2)). Suppose 14*d - q*d = 90. Does 6 divide d?
True
Let w(q) = -11*q - 2. Let c(f) = -f**3 + 6*f**2 - 7*f + 3. Let p be c(5). Let x be w(p). Suppose -5*k + x = -15. Does 8 divide k?
False
Suppose 2*t + 2*t + 4*r - 236 = 0, -5*r = 2*t - 112. Suppose t = 5*l - 129. Does 19 divide l?
True
Let o(n) = n**3 - n. Let p be o(1). Let r = 1 + p. Is (r + -4)*(-38)/6 a multiple of 7?
False
Let o = -23 - -33. Let c = o - -14. Is c a multiple of 6?
True
Let c(p) = -3*p - 1. Suppose -2*z - 43 = -4*g - 7*z, g + z = 10. Let m be c(g). Let b = 43 + m. Is b a multiple of 15?
False
Let m = -7 - -5. Let q = -8 + 17. Is q/6 - 11/m a multiple of 5?
False
Let c(o) = o + 1. Suppose -1 + 4 = k. Suppose -y + 3*b = 9, y - 5*b + 4 = -k*b. Does 3 divide c(y)?
False
Suppose -2*c + 3*c = 132. Is 22 a factor of (3/(-2))/((-9)/c)?
True
Suppose 4*p - 5*m - 268 = 0, -2*p + 3*m = p - 204. Let l = p + -42. Is 10 a factor of l?
True
Let u = 346 - 170. Does 16 divide u?
True
Let m(c) = c**2 - 6*c + 5. Let w be m(6). Suppose -w*v = -143 - 107. Is v a multiple of 17?
False
Does 21 divide 9/(((-12)/(-28))/3*1)?
True
Let i(v) = -v + 10. Let x be i(6). Let r be (-897)/(-21) + x/14. Suppose -4*o + r = 3. Is o a multiple of 4?
False
Let c(l) = -3*l**3 + 6*l - l - 3*l. Let x be 2 + (3 - (2 - -5)). Is 19 a factor of c(x)?
False
Let i be (2 - 1)/(4/148). Suppose 2*k - 5*k = -2*x - 32, 3*k - i = x. Does 14 divide k?
True
Let a = 70 + -33. Suppose z = a - 10. Does 10 divide z?
False
Let f(h) = -h**2 + 12*h + 9. Does 5 divide f(11)?
True
Suppose 0 = 5*v + 15, 3*v + 2 = -5*r - 7. Let y be ((-12)/9)/4*r. Let s = y - -6. Is s a multiple of 5?
False
Suppose 2*i + 418 = 4*n, -3*n - 10*i = -13*i - 318. Is 49 a factor of n?
False
Let h(z) = 6*z + 3*z**2 - 3*z - 3*z**2 + z**2 + 7. Is h(-6) a multiple of 25?
True
Let v(t) = -2*t - 29. Is 3 a factor of v(-28)?
True
Suppose -2*h + 295 + 9 = -2*p, 2*p - 456 = -3*h. Let u = -7 + 11. Suppose -s + 164 = 4*m - 2*s, -h = -u*m + 4*s. Is m a multiple of 17?
False
Let r = 175 - 112. Is r a multiple of 31?
False
Let m(l) = -3*l + 8. Let t = 1 - -2. Let n be 0 + -4 - (-1 + t). Does 13 divide m(n)?
True
Suppose 64 = a - b, -3*b - 4 = 8. Is a a multiple of 10?
True
Let m(j) = 9*j + 2. Does 19 divide m(4)?
True
Suppose -315 = -4*b + 17. Suppose b + 34 = 3*c. Does 11 divide c?
False
Let n(j) = -3*j**3 + j**2 + j - 1. Let u be n(1). Suppose -2*g = -2 - 2. Is 18/(g*u/(-6)) a multiple of 16?
False
Let j(m) = m**3 + 2*m**2 + 1. Let n be j(-2). Let z be 10/((1 - 0) + n). Suppose 20 = z*y + 4*l, l = 6*l. Does 3 divide y?
False
Let v(c) be the first derivative of -c**2 - 4*c + 2. Does 17 divide v(-11)?
False
Is 1040/28*21/6 a multiple of 9?
False
Let f(h) = h - 6. Let b be f(5). Let y be b/(-4) + (-6)/(-8). Does 13 divide 39/(-6)*-4*y?
True
Let p(q) = q + 3. Let x be p(-4). Let h = x + 3. Is h even?
True
Let m be (5/(-15))/((-2)/78). Suppose -5*q - m = -108. Does 7 divide q?
False
Suppose 4*j + 5*i = 249, 5*j - 255 = i + 4*i. Does 7 divide j?
True
Suppose -1497 - 543 = -12*b. Is 26 a factor of b?
False
Let p(l) = -l**2 - 19*l - 26. Is p(-13) a multiple of 13?
True
Let i be (-10)/(-4)*(6 - 8). Let v(b) = 0*b**3 - 4 + 4*b**2 + 0 + b**3 - 7*b. Is 3 a factor of v(i)?
True
Is 6 a factor of (-4)/(-18) + 35/45 + 17?
True
Suppose 4*x - 5*g - 45 = -x, -2*g = x - 24. Suppose 0 = -9*n + x*n - 65. Does 4 divide n?
False
Let k(g) = -4*g - 4*g + 5*g + g + 13. Does 11 divide k(-10)?
True
Let x(m) = m + 7. Is 14 a factor of x(7)?
True
Let q be (4 + -3)/((-1)/(-2)). Suppose -2*f - 3*x + 30 = x, 5*f - q*x = 111. Suppose -4*m + f = -39. Is 9 a factor of m?
False
Suppose g + 3*r = 61, -g - 3*r = 2*r - 59. Does 16 divide g?
True
Suppose 0 = 2*i - 3*i + 5. Let k be (2/(-5))/((-1)/i). Suppose t - 66 = -k*t. Is 9 a factor of t?
False
Suppose 0 = -4*k - k. Suppose -2*i + h + 33 = k, i - 4*h - 90 = -4*i. Does 9 divide i?
False
Let h be (21/3)/1*2. Suppose d + h = 3*b, b - d + 6*d = -22. Suppose -2*k + 10 = m + b*k, 0 = -3*m - 3*k + 42. Does 15 divide m?
True
Let i = -12 - -16. Suppose -123 = -3*t + 4*m, i*t - 129 = t + 2*m. Does 9 divide t?
True
Suppose 2*d - 10 = 10. Suppose -3*a + s - 6*s = 20, 0 = 5*s - d. Is 10 a factor of (-11 + -1)*a/6?
True
Let f = 34 + 41. Is f a multiple of 25?
True
Suppose -5*q = -k - 6*q + 190, 5*k = -q + 946. Is k a multiple of 9?
True
Let d = -33 + 54. Suppose 2*u - d - 21 = 0. Does 6 divide 172/14 - 6/u?
True
Suppose -6*o = -o - 390. Does 26 divide o?
True
Let i = -6 + 6. Suppose 0 = c - i*c - 84. Let k = 131 - c. Is 16 a factor of k?
False
Let t(p) = 4*p + 2. Suppose 2*i - 6 = 2*b, -2*i - 24 = 3*b - 0*i. Let z = b + 8. Is 5 a factor of t(z)?
True
Suppose 3*b - 2*g + 13 = 0, 5*g - 20 - 6 = b. Is 2 a factor of (-2)/4*-6 - b?
True
Let t(w) be the second derivative of 1/20*w